*o - 914 = -5*d, -3*d + 0*d - 4*o = -a. What are the prime factors of d?
2, 7, 13
Suppose -f - 17 = 5*m, 5*f + 0*m = -2*m + 7. Suppose 2*l - 3456 = f*l. What are the prime factors of l/(-132) - 4/22?
2, 13
Let r = -4 + 6. Let b(g) = -5*g**r + 9 + 4*g**2 - g + 5*g + 4*g. What are the prime factors of b(8)?
3
Let x = 10 + -22. What are the prime factors of -3*6*x/9?
2, 3
Let t = -24 + 28. Suppose -8 - 8 = -t*i. Suppose -p = -3*d - 64, -i*p - 7*d + 256 = -3*d. What are the prime factors of p?
2
Let s(u) = 5*u - 59. Let j(m) = -3*m + 29. Let f(d) = -7*j(d) - 4*s(d). What are the prime factors of f(16)?
7
Let b = -17 + 2. Let y = b + 13. List the prime factors of 0 + 19 + y/(-1).
3, 7
Let n(d) = 3*d - 13. Let o(g) = -4*g - 2. Let q be o(-2). Let r be n(q). Suppose -2*a = 3*a + 2*b - 150, -r*b + 135 = 5*a. List the prime factors of a.
2
Let w be (128/(-20))/(-8)*335. Suppose 2*u + w = 5*g + 55, -3*g + 2*u + 131 = 0. What are the prime factors of g?
41
Suppose -4*r = -3*s - 3, -r + 26 - 4 = -5*s. Let o = s + 8. What are the prime factors of o + (-44)/(-2) + -1?
2, 3
What are the prime factors of ((-2)/3)/(-2 + 12896/6456)?
269
Let z be (-1)/(-6) - 3582/108. Suppose 3*x = -y - 4*y - 74, 5*y - 64 = 3*x. Let r = x - z. List the prime factors of r.
2, 5
Let u = -837 - -879. What are the prime factors of u?
2, 3, 7
Let q = 1833 - 703. What are the prime factors of q?
2, 5, 113
Suppose -l - 301 = 3*u, -u - 3*l = 4*u + 499. Let c = u - -150. List the prime factors of c.
7
Let d(v) = 6*v - 25. Let q be (-1 - -15 - 2) + 1. List the prime factors of d(q).
53
Suppose -3*v + 0*x = 3*x + 258, -v - 3*x = 78. Let s = v - -127. List the prime factors of s.
37
Let n = -42 + 36. What are the prime factors of n/12*-8 + 14*15?
2, 107
Let k = -35 + 33. List the prime factors of ((-1296)/(-64))/(k/32*-3).
2, 3
Let y = 11 + -7. Suppose a = -3*j + 14, -y*j - 3*a = -0*a - 17. Suppose 3*l - 2*s + 25 - 104 = 0, -j*l - 2*s = -153. What are the prime factors of l?
29
Let i(a) = -336*a + 61. List the prime factors of i(-5).
1741
Let t = 11588 + -6540. List the prime factors of t.
2, 631
Let k be 28*((-2)/8)/(3/(-150)). Suppose -415 = -5*q + k. List the prime factors of q.
3, 17
Suppose -4*b = b - 1855. Suppose 3*z + 4*x = b, 2*z + z + 2*x - 373 = 0. List the prime factors of z.
5
Suppose 24*o + 3793 = 25*o. What are the prime factors of o?
3793
Let d(m) = -m**3 - 3*m**2 + m + 2. Let f be d(-3). Let l = f + 1. List the prime factors of 9 - (2 - 5) - l.
2, 3
Let v be (-2)/(((-4)/(-17))/2). Let o = -17 - v. Suppose -4*k = -o*k - 108. List the prime factors of k.
3
Suppose -106*q - 11976 = -110*q. What are the prime factors of q?
2, 3, 499
Let j(f) be the second derivative of -f**3/6 + 2*f**2 - 3*f. Let c be j(0). Suppose 36 = p + p - 4*g, -c*g + 44 = 2*p. List the prime factors of p.
2, 5
Let x(h) = 3*h**2 + h - 6. Let j = -11 + 3. Let g(v) = -v**3 - 7*v**2 + 10*v + 11. Let o be g(j). What are the prime factors of x(o)?
2
Suppose z = 7*z. Suppose 2*g + d - 7 = 0, -g + z + 5 = 2*d. Suppose 5*x - 65 = 2*r, -18 = -g*x - 2*r - r. What are the prime factors of x?
11
Let r = -182 + 294. Let o = r - 75. Let t = -17 + o. What are the prime factors of t?
2, 5
Let s(v) = v**3 - 2*v**2 + 9*v + 1234. List the prime factors of s(0).
2, 617
Let a(o) = o**2 + 8*o - 20. Let n be a(4). Let b = 75 + n. What are the prime factors of b?
103
Let m(o) = 21*o - 633. List the prime factors of m(39).
2, 3, 31
Suppose 4*j - 7 = 4*m - 3*m, -3*j + 2*m = 1. List the prime factors of (66/(-4))/j*(-20)/2.
5, 11
Suppose 6*d + 3 = 3*d. Let m(k) = -9*k**3 + k**2 + k + 1. What are the prime factors of m(d)?
2, 5
Let u(x) = -23*x**2 + 29*x - 17. Let q(t) = 8*t**2 - 10*t + 6. Let i(y) = -11*q(y) - 4*u(y). What are the prime factors of i(4)?
2, 3, 7
Suppose 0*u + 3*u = 2*g + 102, 0 = -5*g - u - 272. What are the prime factors of (-11)/11 - (2 + g)?
3, 17
Let y(h) = h**3 + 171. Let q be y(0). Let g = q - 84. List the prime factors of g.
3, 29
Let w(t) = 3*t**2 - 3*t - 6. Suppose -6 + 1 = k. List the prime factors of w(k).
2, 3, 7
Suppose 12*k = 60 + 7176. List the prime factors of k.
3, 67
Let l(p) = -p**3 + 4 + 2 + 0*p**2 + 5*p**2. Let r be l(5). List the prime factors of (-4 - 2)/(r/(-28)).
2, 7
Suppose g + 5*q + 37 = 1, 0 = -g + q - 6. Let a = g + 10. List the prime factors of 15 - (2 + (a - -1)).
13
Let h be (2 - 0)/((-4)/18). Let k be ((-390)/h)/((-10)/(-15)). Suppose 8*r - k = 3*r. What are the prime factors of r?
13
Suppose a - 384 = -3*a. Suppose a = 5*l + 11. List the prime factors of l.
17
Suppose -28 = -4*x + y - 5, -4*y = 3*x - 41. Suppose 0 = -x*o + 871 + 158. List the prime factors of o.
3, 7
Suppose -3*f + 10 - 4 = 0. Suppose 3 = 3*t - f*t. Suppose -5*q = -72 - t. What are the prime factors of q?
3, 5
Suppose -p + 4*h = -112, 3*h = p - 98 - 15. Suppose -213 - p = -4*o - 3*x, -5*o + 388 = -4*x. List the prime factors of o.
2, 5
Let v be (-7)/(-2)*40/70. Let k = -4 + v. List the prime factors of -1 - k - (-21 + 3).
19
Suppose -17 = -4*f - 2*x - 3, -x - 18 = -3*f. Suppose f*g + 195 - 1310 = 0. List the prime factors of g.
223
Let r(u) = 9*u**2 - 3*u. Let n be r(1). Suppose n*c - 2*c = 140. What are the prime factors of c?
5, 7
Let k be ((-2868)/8 + -3)/(1/4). What are the prime factors of k/(-14) - (-10)/(-35)?
103
Let t(q) = 12*q**2 + 4*q + 8. Let m(z) = 13*z**2 + 5*z + 9. Let h(j) = -3*m(j) + 4*t(j). What are the prime factors of h(-2)?
3, 13
Let q(z) = 2*z - 12. Let x(u) = u - 6. Let n be 2 - 0 - (2 - -3). Let c(a) = n*q(a) + 7*x(a). What are the prime factors of c(9)?
3
Let d be 1*22/(-4)*-8. Suppose -j - d = 12. Let v = -36 - j. What are the prime factors of v?
2, 5
Suppose -2*g + 5230 = -2*n, -5*g + 13045 = -28*n + 33*n. What are the prime factors of g?
2, 653
Suppose 5*d - 6 = 3*d. Suppose -11 = -d*w + 121. Suppose -36 = -n + w. List the prime factors of n.
2, 5
Let g(f) = -3*f**3 - 2*f**2 - 24*f + 3. Let p(j) = 5*j**3 + 3*j**2 + 36*j - 4. Let y(a) = 8*g(a) + 5*p(a). What are the prime factors of y(5)?
2, 11
Let w = 141 - 141. Suppose -2*x + 256 = 4*q - 56, 4*q - 12 = 0. Suppose -26*p + 21*p + x = w. What are the prime factors of p?
2, 3, 5
Let b(g) = -g - 20. Let f be b(-6). Let l = 15 + f. Let m(i) = 23*i**2 - i. What are the prime factors of m(l)?
2, 11
Suppose 0 = -2*f + 5*l - 20 + 1, 0 = -3*l + 15. Suppose 203 = f*b - 4*m, 3*b + 47 - 236 = -3*m. List the prime factors of b.
5, 13
Suppose 74*f = 128*f - 218754. What are the prime factors of f?
4051
Let n(z) = -166*z**2 + z - 1. Suppose 4*j - w - 1 + 0 = 0, -4*j + 13 = 3*w. Let q be n(j). What are the prime factors of q/(-4) + 4/(-8)?
41
Let n(v) = v**3 + 32*v**2 + 79*v - 12. List the prime factors of n(-26).
2, 5, 199
Let o(c) = 687*c - 1357. What are the prime factors of o(8)?
4139
Let p = 39 + -34. Suppose -p*y - 90 = -v, 5*v - 537 = -y - 87. What are the prime factors of v?
2, 3, 5
Let m(g) = -g**3 + 17*g**2 + 3*g + 2. Let s be m(17). Suppose -2*t + s = -37. What are the prime factors of t?
3, 5
Let m(j) be the second derivative of j**4/6 - j**3/6 - 5*j**2 + 4*j. Let r be m(3). What are the prime factors of 49 - (-5)/r*2?
3, 17
Let g(i) = 8*i**2 + 31. What are the prime factors of g(-17)?
3, 11, 71
Suppose 4*a + 20 = -v, 2*v - 5*a - 70 = 7*v. Let q = v + 18. List the prime factors of (-5)/(-15) + 364/q.
61
Let k(j) = 8*j - 1. Let y = -13 - -15. Suppose 3 = y*a + 1. List the prime factors of k(a).
7
Suppose 0 = 7*x - 16 + 79. Let g = x + 14. What are the prime factors of g?
5
Suppose 0 = 6*i - i + w - 14, 3 = -3*w. What are the prime factors of i + (0 - (0 - -2)) + 45?
2, 23
Let y(p) = -5*p**3 + p**2 - 2*p + 2. Let f be y(1). Let v(g) = 4*g**2 + 4*g - 2. What are the prime factors of v(f)?
2, 23
Let d(f) = -f**2 + 7*f + 6. Let w(i) = -i**3 + 3*i**2 + 2. Let n be w(3). Suppose n*p = 10, 0*p = -5*l + 2*p + 20. What are the prime factors of d(l)?
2, 3
Let q be (-2 - -3 - 8)/(-1). Suppose 3*f = q*f - 88. Suppose f - 5 = j. What are the prime factors of j?
17
Let g = 25 - 27. Let x be (5 - 0/g) + -2. Suppose -j + x = b, 3*j + 4*b = 3*b + 13. List the prime factors of j.
5
Suppose 0 = 5*q + 4*g - 38, -4*q + 16 = -2*q + 2*g. Suppose 0 = 4*j + f - 63 - q, -f - 67 = -4*j. Suppose w + 3 = j. List the prime factors of w.
2, 7
Suppose 0 = -2*f + f + 173